{"id":365,"date":"2025-08-20T18:34:16","date_gmt":"2025-08-20T18:34:16","guid":{"rendered":"https:\/\/www.respirandoazulclarito.com\/?page_id=365"},"modified":"2025-11-04T12:45:36","modified_gmt":"2025-11-04T12:45:36","slug":"clases-presenciales","status":"publish","type":"page","link":"https:\/\/www.respirandoazulclarito.com\/index.php\/clases-presenciales\/","title":{"rendered":"Clases Presenciales"},"content":{"rendered":"<div class=\"wp-block-image is-style-rounded\">\n<figure class=\"aligncenter size-large is-resized\"><img loading=\"lazy\" decoding=\"async\" width=\"1024\" height=\"1024\" src=\"https:\/\/www.respirandoazulclarito.com\/wp-content\/uploads\/2024\/12\/Diseno-sin-titulo-1-1-1024x1024.png\" alt=\"\" class=\"wp-image-58\" style=\"width:616px;height:auto\" srcset=\"https:\/\/www.respirandoazulclarito.com\/wp-content\/uploads\/2024\/12\/Diseno-sin-titulo-1-1-1024x1024.png 1024w, https:\/\/www.respirandoazulclarito.com\/wp-content\/uploads\/2024\/12\/Diseno-sin-titulo-1-1-300x300.png 300w, https:\/\/www.respirandoazulclarito.com\/wp-content\/uploads\/2024\/12\/Diseno-sin-titulo-1-1-150x150.png 150w, https:\/\/www.respirandoazulclarito.com\/wp-content\/uploads\/2024\/12\/Diseno-sin-titulo-1-1-768x768.png 768w, https:\/\/www.respirandoazulclarito.com\/wp-content\/uploads\/2024\/12\/Diseno-sin-titulo-1-1.png 1080w\" sizes=\"auto, (max-width: 1024px) 100vw, 1024px\" \/><\/figure>\n<\/div>\n\n\n<blockquote class=\"wp-block-quote has-text-align-center is-style-large is-layout-flow wp-block-quote-is-layout-flow\">\n<blockquote class=\"wp-block-quote is-layout-flow wp-block-quote-is-layout-flow\">\n<p>La magia comienza en el encuentro sincero con nosotros mismos<\/p>\n\n\n\n<p>&#8211; Marta Jim\u00e9nez<\/p>\n<\/blockquote>\n<\/blockquote>\n\n\n\n<p>Con todo mi cari\u00f1o, comparto una serie de actividades que, personalmente, me nutren cuerpo, mente y alma:<\/p>\n\n\n\n<ul class=\"wp-block-list\">\n<li>Kundalini Yoga<\/li>\n\n\n\n<li>Origen<\/li>\n\n\n\n<li>Meditaci\u00f3n<\/li>\n\n\n\n<li>Yoga Infantil y en Familia<\/li>\n<\/ul>\n\n\n<div class=\"wp-block-image is-style-default\">\n<figure class=\"aligncenter size-large\"><img loading=\"lazy\" decoding=\"async\" width=\"1024\" height=\"1024\" src=\"https:\/\/www.respirandoazulclarito.com\/wp-content\/uploads\/2025\/11\/3-1024x1024.png\" alt=\"\" class=\"wp-image-451\" srcset=\"https:\/\/www.respirandoazulclarito.com\/wp-content\/uploads\/2025\/11\/3-1024x1024.png 1024w, https:\/\/www.respirandoazulclarito.com\/wp-content\/uploads\/2025\/11\/3-300x300.png 300w, https:\/\/www.respirandoazulclarito.com\/wp-content\/uploads\/2025\/11\/3-150x150.png 150w, https:\/\/www.respirandoazulclarito.com\/wp-content\/uploads\/2025\/11\/3-768x768.png 768w, https:\/\/www.respirandoazulclarito.com\/wp-content\/uploads\/2025\/11\/3.png 1080w\" sizes=\"auto, (max-width: 1024px) 100vw, 1024px\" \/><\/figure>\n<\/div>\n\n\n<hr class=\"wp-block-separator has-alpha-channel-opacity\"\/>\n\n\n\n<h2 class=\"wp-block-heading\">KUNDALINI YOGA<\/h2>\n\n\n\n<p>Fortalece tu <strong>cuerpo<\/strong>, calma tu <strong>mente<\/strong>, recupera tu <strong>energ\u00eda <\/strong>en las clases de Kundalini Yoga.<\/p>\n\n\n\n<p>El Kundalini Yoga es un tipo de yoga que se basa en la <strong>conciencia <\/strong>y en la <strong>energ\u00eda<\/strong>, ya que tiene como objetivo el despertar de la energ\u00eda c\u00f3smica. Esta energ\u00eda, la energ\u00eda Kundalini, se activa mediante la realizaci\u00f3n de <strong>asanas <\/strong>o posturas de yoga, <strong>pranayamas <\/strong>o t\u00e9cnicas de respiraci\u00f3n, <strong>mudras <\/strong>o gestos ps\u00edquicos, <strong>bandhas <\/strong>o llaves energ\u00e9ticas, <strong>mantras <\/strong>o sonidos m\u00edsticos, visualizaciones y t\u00e9cnicas de <strong>meditaci\u00f3n<\/strong>.<\/p>\n\n\n\n<p>\u200bA trav\u00e9s del Kundalini Yoga activamos los <strong>chakras <\/strong>o centros energ\u00e9ticos, elevamos nuestro nivel de <strong>consciencia<\/strong> y conectamos con el poder creativo que hay en nosotros.<\/p>\n\n\n\n<figure class=\"wp-block-image size-full\"><img loading=\"lazy\" decoding=\"async\" width=\"810\" height=\"810\" src=\"https:\/\/www.respirandoazulclarito.com\/wp-content\/uploads\/2024\/12\/3.png\" alt=\"\" class=\"wp-image-310\" srcset=\"https:\/\/www.respirandoazulclarito.com\/wp-content\/uploads\/2024\/12\/3.png 810w, https:\/\/www.respirandoazulclarito.com\/wp-content\/uploads\/2024\/12\/3-300x300.png 300w, https:\/\/www.respirandoazulclarito.com\/wp-content\/uploads\/2024\/12\/3-150x150.png 150w, https:\/\/www.respirandoazulclarito.com\/wp-content\/uploads\/2024\/12\/3-768x768.png 768w\" sizes=\"auto, (max-width: 810px) 100vw, 810px\" \/><\/figure>\n\n\n\n<h3 class=\"wp-block-heading\">Beneficios<\/h3>\n\n\n\n<div class=\"wp-block-columns is-layout-flex wp-container-core-columns-is-layout-9d6595d7 wp-block-columns-is-layout-flex\">\n<div class=\"wp-block-column is-layout-flow wp-block-column-is-layout-flow\" style=\"flex-basis:100%\">\n<ul class=\"wp-block-list\">\n<li>Fortalece los m\u00fasculos abdominales<\/li>\n\n\n\n<li>Reduce estr\u00e9s y ansiedad<\/li>\n\n\n\n<li>Ayuda a mejorar la flexibilidad de la columna vertebral<\/li>\n\n\n\n<li>Fortalece el sistema inmunitario<\/li>\n\n\n\n<li>Fortalece el sistema nervioso<\/li>\n\n\n\n<li>Mejora la memoria gracias a los ejercicios de meditaci\u00f3n<\/li>\n\n\n\n<li>Aporta bienestar al revitalizar y rejuvenecer cuerpo y mente<\/li>\n\n\n\n<li>Aumenta la creatividad<\/li>\n\n\n\n<li>Favorece el autocontrol emocional<\/li>\n\n\n\n<li>Aporta un punto de vista m\u00e1s optimista, disolviendo la negatividad.<\/li>\n<\/ul>\n<\/div>\n<\/div>\n\n\n\n<hr class=\"wp-block-separator has-alpha-channel-opacity\"\/>\n\n\n\n<h2 class=\"wp-block-heading\">ORIGEN<\/h2>\n\n\n\n<p>Combina cuatro disciplinas: baile, trabajo de fuerza, artes marciales y yoga.<\/p>\n\n\n\n<p><strong>Baile<\/strong>: bailar es algo totalmente instintivo. Adem\u00e1s de fomentar el movimiento, nos ayuda a producir una serie de hormonas relacionadas con los estados de felicidad e incluso, hay estudios dentro del marco de la neurociencia que relacionan el baile con nuestro equilibrio intestino-cerebro.<\/p>\n\n\n\n<p><strong>Trabajo de fuerza<\/strong>: con el objetivo de mejorar nuestra masa muscular. Hoy en d\u00eda hay infinidad de estudios que demuestran la relaci\u00f3n de la masa muscular con el estado de salud, sobre todo a nivel \u00f3seo y en relaci\u00f3n a nuestra salud mental. De esta manera fortaleceremos nuestro tejido m\u00fasculo-esquel\u00e9tico para aumentar la calidad d enuestros huesos y favorecer la neurog\u00e9nesis, entre otros beneficios.<\/p>\n\n\n\n<p><strong>Artes marciales<\/strong>: realizaremos movimientos relacionados con las artes marciales, tanto externas (karate, wushu, etc.) como internas (Taichi, Qigong, Wushu etc.); que nos ayudar\u00e1n a activar nuestra adrenalina, fomentar la potencia, mejorar la cordinaci\u00f3n y conectar con nuestra energ\u00eda.<\/p>\n\n\n\n<p><strong>Yoga<\/strong>: enfocado a ejercicios de equilibrio, elasticidad y tambi\u00e9n fuerza. Adem\u00e1s terminaremos las sesiones con una meditaci\u00f3n en silencio para conectar con nuestro cuerpo-mente-energ\u00eda y con una relajaci\u00f3n.<\/p>\n\n\n\n<figure class=\"wp-block-image size-large\"><img loading=\"lazy\" decoding=\"async\" width=\"1024\" height=\"1024\" src=\"https:\/\/www.respirandoazulclarito.com\/wp-content\/uploads\/2024\/12\/Diseno-sin-titulo-7-2-1024x1024.png\" alt=\"\" class=\"wp-image-199\" srcset=\"https:\/\/www.respirandoazulclarito.com\/wp-content\/uploads\/2024\/12\/Diseno-sin-titulo-7-2-1024x1024.png 1024w, https:\/\/www.respirandoazulclarito.com\/wp-content\/uploads\/2024\/12\/Diseno-sin-titulo-7-2-300x300.png 300w, https:\/\/www.respirandoazulclarito.com\/wp-content\/uploads\/2024\/12\/Diseno-sin-titulo-7-2-150x150.png 150w, https:\/\/www.respirandoazulclarito.com\/wp-content\/uploads\/2024\/12\/Diseno-sin-titulo-7-2-768x768.png 768w, https:\/\/www.respirandoazulclarito.com\/wp-content\/uploads\/2024\/12\/Diseno-sin-titulo-7-2.png 1080w\" sizes=\"auto, (max-width: 1024px) 100vw, 1024px\" \/><\/figure>\n\n\n\n<h3 class=\"wp-block-heading\">Beneficios<\/h3>\n\n\n\n<ul class=\"wp-block-list\">\n<li>Mejora nuestra masa muscular.<\/li>\n\n\n\n<li>Producimos hormonas de la felicidad.<\/li>\n\n\n\n<li>Activamos la adrenalina.<\/li>\n\n\n\n<li>Fomentamos nuestra potencia.<\/li>\n\n\n\n<li>Conectamos con nuestra energ\u00eda.<\/li>\n\n\n\n<li>Potenciamos el equilibrio y la elasticidad.<\/li>\n\n\n\n<li>Conectamos con el disfrute.<\/li>\n\n\n\n<li>Aumentamos la autoestima.<\/li>\n<\/ul>\n\n\n\n<hr class=\"wp-block-separator has-alpha-channel-opacity\"\/>\n\n\n\n<h2 class=\"wp-block-heading\">MEDITACI\u00d3N<\/h2>\n\n\n\n<p>Todos somos principiantes en el mundo de la Meditaci\u00f3n, en el que el <strong>m\u00e1gico viaje hacia nuestro interior <\/strong>tiene lugar y nos permite conectar con <strong>nuestra esencia verdadera: el Ser<\/strong>.<br><br>Utilizando distintas t\u00e9cnicas de <strong>atenci\u00f3n plena y meditaci\u00f3n<\/strong>, conectaremos con nuestro <strong>potencial creativo<\/strong>, <strong>calmaremos <\/strong>nuestra mente y recobraremos la <strong>energ\u00eda <\/strong>que nos permita tener un estado equilibrado mente-cuerpo. La vibraci\u00f3n a trav\u00e9s de nuestra voz, m\u00fasica u otros instrumentos musicales ser\u00e1n clave para inducirnos a un estado de plenitud y relajaci\u00f3n.<\/p>\n\n\n<div class=\"wp-block-image\">\n<figure class=\"aligncenter size-large\"><img loading=\"lazy\" decoding=\"async\" width=\"1024\" height=\"1024\" src=\"https:\/\/www.respirandoazulclarito.com\/wp-content\/uploads\/2024\/12\/Cuencos-1024x1024.png\" alt=\"\" class=\"wp-image-193\" srcset=\"https:\/\/www.respirandoazulclarito.com\/wp-content\/uploads\/2024\/12\/Cuencos-1024x1024.png 1024w, https:\/\/www.respirandoazulclarito.com\/wp-content\/uploads\/2024\/12\/Cuencos-300x300.png 300w, https:\/\/www.respirandoazulclarito.com\/wp-content\/uploads\/2024\/12\/Cuencos-150x150.png 150w, https:\/\/www.respirandoazulclarito.com\/wp-content\/uploads\/2024\/12\/Cuencos-768x768.png 768w, https:\/\/www.respirandoazulclarito.com\/wp-content\/uploads\/2024\/12\/Cuencos.png 1080w\" sizes=\"auto, (max-width: 1024px) 100vw, 1024px\" \/><\/figure>\n<\/div>\n\n\n<h3 class=\"wp-block-heading\">Beneficios<\/h3>\n\n\n\n<ul class=\"wp-block-list\">\n<li>Reduce el estr\u00e9s y la ansiedad.<\/li>\n\n\n\n<li>Mejora la memoria y es neurogenerativa.<\/li>\n\n\n\n<li>Fortalece los sistemas inmunitario, nervioso y endocrino.<\/li>\n\n\n\n<li>Calma la mente.<\/li>\n\n\n\n<li>Nos conecta con el momento presente.<\/li>\n\n\n\n<li>Favorece el autocontrol emocional y aporta un punto de vista m\u00e1s optimista, disolviendo la negatividad.<\/li>\n<\/ul>\n\n\n\n<hr class=\"wp-block-separator has-alpha-channel-opacity\"\/>\n\n\n\n<h2 class=\"wp-block-heading\">YOGA INFANTIL Y EN FAMILIA<\/h2>\n\n\n\n<p>En Yoga Infantil y en Familia combinamos la <strong>gesti\u00f3n emocional <\/strong>y el <strong>yoga<\/strong>. Todo a trav\u00e9s de din\u00e1micas que nos ayudan a <strong>activar nuestro cuerpo<\/strong>, conectar con la <strong>creatividad<\/strong>, la <strong>vibraci\u00f3n<\/strong>, la <strong>relajaci\u00f3n<\/strong>, la <strong>empat\u00eda <\/strong>y el <strong>compa\u00f1erismo<\/strong>.<br>Pasamos un rato muy agradable en el que conectamos con el cuerpo, sentimos nuestra respiraci\u00f3n, la energ\u00eda vibratoria de nuestra voz, los instrumentos y sobre todo, a disfrutamos de juegos, din\u00e1micas grupales, la m\u00fasica y, \u00a1por supuesto! de la relajaci\u00f3n final.<\/p>\n\n\n\n<p>Una ocasi\u00f3n maravillosa para que tus hijos disfruten con sus iguales o para compartir en familia. Y adem\u00e1s, no hace falta tener ning\u00fan tipo de experiencia.<\/p>\n\n\n<div class=\"wp-block-image\">\n<figure class=\"aligncenter size-large is-resized\"><img loading=\"lazy\" decoding=\"async\" width=\"1024\" height=\"1024\" src=\"https:\/\/www.respirandoazulclarito.com\/wp-content\/uploads\/2024\/12\/Diseno-sin-titulo-4-1024x1024.png\" alt=\"\" class=\"wp-image-192\" style=\"width:777px;height:auto\" srcset=\"https:\/\/www.respirandoazulclarito.com\/wp-content\/uploads\/2024\/12\/Diseno-sin-titulo-4-1024x1024.png 1024w, https:\/\/www.respirandoazulclarito.com\/wp-content\/uploads\/2024\/12\/Diseno-sin-titulo-4-300x300.png 300w, https:\/\/www.respirandoazulclarito.com\/wp-content\/uploads\/2024\/12\/Diseno-sin-titulo-4-150x150.png 150w, https:\/\/www.respirandoazulclarito.com\/wp-content\/uploads\/2024\/12\/Diseno-sin-titulo-4-768x768.png 768w, https:\/\/www.respirandoazulclarito.com\/wp-content\/uploads\/2024\/12\/Diseno-sin-titulo-4.png 1080w\" sizes=\"auto, (max-width: 1024px) 100vw, 1024px\" \/><\/figure>\n<\/div>\n\n\n<h3 class=\"wp-block-heading\">Beneficios<\/h3>\n\n\n\n<ul class=\"wp-block-list\">\n<li>Aprender a gestionar las emociones.<\/li>\n\n\n\n<li>Autoconocimiento.<\/li>\n\n\n\n<li>Fortalecer nuestro cuerpo.<\/li>\n\n\n\n<li>Fomentar la autoestima.<\/li>\n\n\n\n<li>Mejorar la coordinaci\u00f3n.<\/li>\n\n\n\n<li>Conectar con la diversi\u00f3n.<\/li>\n\n\n\n<li>Aprender a relajarnos.<\/li>\n\n\n\n<li>Disfrutar de la compa\u00f1\u00eda del grupo.<\/li>\n<\/ul>\n\n\n<div class=\"wp-block-image\">\n<figure class=\"aligncenter size-large\"><img loading=\"lazy\" decoding=\"async\" width=\"1024\" height=\"1024\" src=\"https:\/\/www.respirandoazulclarito.com\/wp-content\/uploads\/2024\/12\/Diseno-sin-titulo-5-1024x1024.png\" alt=\"\" class=\"wp-image-197\" srcset=\"https:\/\/www.respirandoazulclarito.com\/wp-content\/uploads\/2024\/12\/Diseno-sin-titulo-5-1024x1024.png 1024w, https:\/\/www.respirandoazulclarito.com\/wp-content\/uploads\/2024\/12\/Diseno-sin-titulo-5-300x300.png 300w, https:\/\/www.respirandoazulclarito.com\/wp-content\/uploads\/2024\/12\/Diseno-sin-titulo-5-150x150.png 150w, https:\/\/www.respirandoazulclarito.com\/wp-content\/uploads\/2024\/12\/Diseno-sin-titulo-5-768x768.png 768w, https:\/\/www.respirandoazulclarito.com\/wp-content\/uploads\/2024\/12\/Diseno-sin-titulo-5.png 1080w\" sizes=\"auto, (max-width: 1024px) 100vw, 1024px\" \/><\/figure>\n<\/div>\n\n\n<hr class=\"wp-block-separator has-alpha-channel-opacity\"\/>\n\n\n\n<h2 class=\"wp-block-heading\">TARIFAS Y UBICACI\u00d3N<\/h2>\n\n\n\n<p>\ud83e\ude75 <strong>Clases presenciales en Mama Tao: <\/strong><\/p>\n\n\n\n<div class=\"wp-block-columns is-layout-flex wp-container-core-columns-is-layout-9d6595d7 wp-block-columns-is-layout-flex\">\n<div class=\"wp-block-column is-layout-flow wp-block-column-is-layout-flow\" style=\"flex-basis:100%\">\n<div class=\"wp-block-group\"><div class=\"wp-block-group__inner-container is-layout-constrained wp-block-group-is-layout-constrained\">\n<ul class=\"wp-block-list\">\n<li>Mensual: 45\u20ac \/ 1 clase semanal &#8211; 80\u20ac \/ 2 clases semanales<\/li>\n\n\n\n<li>Trimestral: 120\u20ac &#8211; 80\u20ac \/ 225\u20ac clases semanales<\/li>\n\n\n\n<li>Clases sueltas: 15\u20ac<\/li>\n\n\n\n<li>El calendario de clases de ajustar\u00e1 al calendario lectivo de Paracuellos de Jarama.<\/li>\n<\/ul>\n<\/div><\/div>\n<\/div>\n<\/div>\n\n\n<div class=\"wp-block-image\">\n<figure class=\"aligncenter size-large is-resized\"><img loading=\"lazy\" decoding=\"async\" width=\"1024\" height=\"1024\" src=\"https:\/\/www.respirandoazulclarito.com\/wp-content\/uploads\/2024\/12\/Diseno-sin-titulo-6-1024x1024.png\" alt=\"\" class=\"wp-image-196\" style=\"width:780px;height:auto\" srcset=\"https:\/\/www.respirandoazulclarito.com\/wp-content\/uploads\/2024\/12\/Diseno-sin-titulo-6-1024x1024.png 1024w, https:\/\/www.respirandoazulclarito.com\/wp-content\/uploads\/2024\/12\/Diseno-sin-titulo-6-300x300.png 300w, https:\/\/www.respirandoazulclarito.com\/wp-content\/uploads\/2024\/12\/Diseno-sin-titulo-6-150x150.png 150w, https:\/\/www.respirandoazulclarito.com\/wp-content\/uploads\/2024\/12\/Diseno-sin-titulo-6-768x768.png 768w, https:\/\/www.respirandoazulclarito.com\/wp-content\/uploads\/2024\/12\/Diseno-sin-titulo-6.png 1080w\" sizes=\"auto, (max-width: 1024px) 100vw, 1024px\" \/><\/figure>\n<\/div>\n\n\n<iframe src=\"https:\/\/www.google.com\/maps\/embed?pb=!1m18!1m12!1m3!1d3033.9197958552604!2d-3.5417177241082376!3d40.49915657142647!2m3!1f0!2f0!3f0!3m2!1i1024!2i768!4f13.1!3m3!1m2!1s0xd423129df53f66f%3A0x341b342f3c72931f!2sMama%20Tao!5e0!3m2!1ses!2ses!4v1733478093915!5m2!1ses!2ses\" width=\"600\" height=\"450\" style=\"border:0;\" allowfullscreen=\"\" loading=\"lazy\" referrerpolicy=\"no-referrer-when-downgrade\"><\/iframe>\n\n\n\n<hr class=\"wp-block-separator has-alpha-channel-opacity\"\/>\n\n\n\n<p>\ud83e\ude75 <strong>Clases en el Parque Juan Carlos I:<\/strong><\/p>\n\n\n\n<ul class=\"wp-block-list\">\n<li>Clases sueltas: 15\u20ac<\/li>\n\n\n\n<li>Bono de 4 clases: 50\u20ac (no caducan)<\/li>\n<\/ul>\n\n\n<div class=\"wp-block-image\">\n<figure class=\"aligncenter size-full\"><img loading=\"lazy\" decoding=\"async\" width=\"810\" height=\"810\" src=\"https:\/\/www.respirandoazulclarito.com\/wp-content\/uploads\/2024\/12\/3.png\" alt=\"\" class=\"wp-image-310\" srcset=\"https:\/\/www.respirandoazulclarito.com\/wp-content\/uploads\/2024\/12\/3.png 810w, https:\/\/www.respirandoazulclarito.com\/wp-content\/uploads\/2024\/12\/3-300x300.png 300w, https:\/\/www.respirandoazulclarito.com\/wp-content\/uploads\/2024\/12\/3-150x150.png 150w, https:\/\/www.respirandoazulclarito.com\/wp-content\/uploads\/2024\/12\/3-768x768.png 768w\" sizes=\"auto, (max-width: 810px) 100vw, 810px\" \/><\/figure>\n<\/div>\n\n\n<iframe src=\"https:\/\/www.google.com\/maps\/embed?pb=!1m18!1m12!1m3!1d3035.8195384929454!2d-3.604330024110464!3d40.45713097143321!2m3!1f0!2f0!3f0!3m2!1i1024!2i768!4f13.1!3m3!1m2!1s0xd422e4aa967e4ef%3A0xb2d20af017b6d9c3!2zTmnDsW8gU29s!5e0!3m2!1ses!2ses!4v1733478003140!5m2!1ses!2ses\" width=\"600\" height=\"450\" style=\"border:0;\" allowfullscreen=\"\" loading=\"lazy\" referrerpolicy=\"no-referrer-when-downgrade\"><\/iframe>\n\n\n\n<hr class=\"wp-block-separator has-alpha-channel-opacity\"\/>\n\n\n\n<h2 class=\"wp-block-heading\">INFORMACI\u00d3N Y RESERVAS<\/h2>\n\n\n\n<p>Te informo encantada de las clases o de cualquier duda que te pueda surgir a trav\u00e9s del <strong><a href=\"https:\/\/wa.me\/34638234123\">WhatsApp (+34) 638 234 123 <\/a><\/strong>o por <strong>email <\/strong>en marta@respirandoazulclarito.com<\/p>\n","protected":false},"excerpt":{"rendered":"<p>Con todo mi cari\u00f1o, comparto una serie de actividades que, personalmente, me nutren cuerpo, mente y alma: KUNDALINI YOGA Fortalece tu cuerpo, calma tu mente, recupera tu energ\u00eda en las &hellip; <\/p>\n","protected":false},"author":1,"featured_media":0,"parent":0,"menu_order":0,"comment_status":"closed","ping_status":"closed","template":"","meta":{"footnotes":""},"class_list":["post-365","page","type-page","status-publish","hentry"],"_links":{"self":[{"href":"https:\/\/www.respirandoazulclarito.com\/index.php\/wp-json\/wp\/v2\/pages\/365","targetHints":{"allow":["GET"]}}],"collection":[{"href":"https:\/\/www.respirandoazulclarito.com\/index.php\/wp-json\/wp\/v2\/pages"}],"about":[{"href":"https:\/\/www.respirandoazulclarito.com\/index.php\/wp-json\/wp\/v2\/types\/page"}],"author":[{"embeddable":true,"href":"https:\/\/www.respirandoazulclarito.com\/index.php\/wp-json\/wp\/v2\/users\/1"}],"replies":[{"embeddable":true,"href":"https:\/\/www.respirandoazulclarito.com\/index.php\/wp-json\/wp\/v2\/comments?post=365"}],"version-history":[{"count":12,"href":"https:\/\/www.respirandoazulclarito.com\/index.php\/wp-json\/wp\/v2\/pages\/365\/revisions"}],"predecessor-version":[{"id":452,"href":"https:\/\/www.respirandoazulclarito.com\/index.php\/wp-json\/wp\/v2\/pages\/365\/revisions\/452"}],"wp:attachment":[{"href":"https:\/\/www.respirandoazulclarito.com\/index.php\/wp-json\/wp\/v2\/media?parent=365"}],"curies":[{"name":"wp","href":"https:\/\/api.w.org\/{rel}","templated":true}]}}